2 is divided by 578?
244
What is the remainder when 2683447 is divided by 7?
4
Calculate the remainder when 953 is divided by 452.
49
What is the remainder when 1765573 is divided by 417?
412
What is the remainder when 6599 is divided by 150?
149
What is the remainder when 14754 is divided by 314?
310
What is the remainder when 1145 is divided by 41?
38
Calculate the remainder when 536 is divided by 154.
74
What is the remainder when 4945 is divided by 190?
5
What is the remainder when 152835 is divided by 11?
1
Calculate the remainder when 77875 is divided by 98.
63
Calculate the remainder when 6942 is divided by 138.
42
What is the remainder when 47118 is divided by 760?
758
What is the remainder when 7167 is divided by 193?
26
What is the remainder when 27832 is divided by 309?
22
Calculate the remainder when 24814 is divided by 373.
196
Calculate the remainder when 22084 is divided by 308.
216
What is the remainder when 2997 is divided by 58?
39
Calculate the remainder when 9155 is divided by 214.
167
What is the remainder when 2030433 is divided by 338404?
9
Calculate the remainder when 56 is divided by 13.
4
Calculate the remainder when 27745 is divided by 4621.
19
Calculate the remainder when 50531 is divided by 28.
19
What is the remainder when 72402 is divided by 36200?
2
Calculate the remainder when 5796 is divided by 254.
208
What is the remainder when 659967 is divided by 30?
27
What is the remainder when 69369 is divided by 12?
9
What is the remainder when 45980 is divided by 15326?
2
What is the remainder when 3608 is divided by 655?
333
What is the remainder when 3422970 is divided by 172?
170
What is the remainder when 1677 is divided by 622?
433
Calculate the remainder when 8742 is divided by 1090.
22
Calculate the remainder when 178419 is divided by 227.
224
What is the remainder when 64077 is divided by 16?
13
What is the remainder when 257384 is divided by 169?
166
What is the remainder when 195957 is divided by 14?
13
What is the remainder when 42857 is divided by 471?
467
What is the remainder when 162861 is divided by 12?
9
Calculate the remainder when 7810 is divided by 7809.
1
Calculate the remainder when 1285693 is divided by 34.
17
Calculate the remainder when 48242 is divided by 48234.
8
What is the remainder when 10739 is divided by 511?
8
What is the remainder when 38368 is divided by 983?
31
Calculate the remainder when 637 is divided by 182.
91
Calculate the remainder when 69627 is divided by 30.
27
Calculate the remainder when 96215 is divided by 11.
9
Calculate the remainder when 70348 is divided by 469.
467
What is the remainder when 32469 is divided by 10804?
57
What is the remainder when 10018 is divided by 167?
165
Calculate the remainder when 1110 is divided by 634.
476
What is the remainder when 8427 is divided by 281?
278
Calculate the remainder when 6199 is divided by 568.
519
What is the remainder when 22551 is divided by 49?
11
Calculate the remainder when 1365025 is divided by 569.
563
Calculate the remainder when 831697 is divided by 277214.
55
What is the remainder when 2270493 is divided by 134?
131
What is the remainder when 1815 is divided by 515?
270
Calculate the remainder when 106113 is divided by 737.
722
What is the remainder when 2374 is divided by 515?
314
Calculate the remainder when 1116 is divided by 1099.
17
Calculate the remainder when 2155 is divided by 456.
331
Calculate the remainder when 1577 is divided by 102.
47
Calculate the remainder when 795 is divided by 80.
75
What is the remainder when 481875 is divided by 71?
69
Calculate the remainder when 257346 is divided by 154.
12
What is the remainder when 1611 is divided by 802?
7
Calculate the remainder when 57598 is divided by 976.
14
Calculate the remainder when 187242 is divided by 189.
132
What is the remainder when 885 is divided by 811?
74
What is the remainder when 11231 is divided by 204?
11
What is the remainder when 455863 is divided by 108?
103
Calculate the remainder when 9050 is divided by 3285.
2480
Calculate the remainder when 20924 is divided by 198.
134
Calculate the remainder when 525 is divided by 2.
1
Calculate the remainder when 391519 is divided by 3.
1
What is the remainder when 69162 is divided by 494?
2
Calculate the remainder when 5035928 is divided by 729.
725
Calculate the remainder when 7713 is divided by 46.
31
Calculate the remainder when 2782 is divided by 925.
7
Calculate the remainder when 802 is divided by 126.
46
What is the remainder when 2466 is divided by 18?
0
What is the remainder when 55313 is divided by 18?
17
What is the remainder when 2583 is divided by 913?
757
Calculate the remainder when 32623 is divided by 299.
32
Calculate the remainder when 37724 is divided by 14.
8
Calculate the remainder when 5135 is divided by 160.
15
What is the remainder when 103237 is divided by 1453?
74
What is the remainder when 64164 is divided by 104?
100
What is the remainder when 2851 is divided by 1420?
11
Calculate the remainder when 3023 is divided by 21.
20
Calculate the remainder when 10287 is divided by 77.
46
What is the remainder when 23776 is divided by 24?
16
What is the remainder when 130429 is divided by 2559?
2479
What is the remainder when 617119 is divided by 11?
8
Calculate the remainder when 121254 is divided by 143.
133
What is the remainder when 67964 is divided by 115?
114
Calculate the remainder when 300340 is divided by 100103.
31
Calculate the remainder when 5532 is divided by 1611.
699
Calculate the remainder when 16046 is divided by 3996.
62
What is the remainder when 7587 is divided by 550?
437
What is the remainder when 81638 is divided by 13?
11
What is the remainder when 810 is divided by 398?
14
What is the remainder when 1449 is divided by 312?
201
Calculate the remainder when 581151 is divided by 572.
571
Calculate the remainder when 1031688 is divided by 1243.
1241
Calculate the remainder when 63188 is divided by 21056.
20
What is the remainder when 4801 is divided by 4667?
134
Calculate the remainder when 5847 is divided by 531.
6
What is the remainder when 377 is divided by 196?
181
What is the remainder when 22164 is divided by 34?
30
Calculate the remainder when 73088 is divided by 278.
252
Calculate the remainder when 1673 is divided by 51.
41
Calculate the remainder when 118880 is divided by 23.
16
What is the remainder when 940726 is divided by 313574?
4
What is the remainder when 77218 is divided by 30?
28
What is the remainder when 472360 is divided by 27?
22
What is the remainder when 38611 is divided by 29?
12
What is the remainder when 23905 is divided by 40?
25
What is the remainder when 2977 is divided by 10?
7
What is the remainder when 24411 is divided by 381?
27
What is the remainder when 10472 is divided by 44?
0
What is the remainder when 16242 is divided by 4045?
62
Calculate the remainder when 106161 is divided by 32.
17
Calculate the remainder when 399482 is divided by 51.
50
What is the remainder when 1519 is divided by 319?
243
What is the remainder when 3307 is divided by 45?
22
Calculate the remainder when 172899 is divided by 57632.
3
What is the remainder when 135105 is divided by 33773?
13
Calculate the remainder when 33025 is divided by 70.
55
Calculate the remainder when 137856 is divided by 999.
993
What is the remainder when 28171 is divided by 21?
10
What is the remainder when 2269438 is divided by 1152?
1150
Calculate the remainder when 31903 is divided by 1182.
1171
Calculate the remainder when 629122 is divided by 509.
507
Calculate the remainder when 449548 is divided by 149844.
16
Calculate the remainder when 2676542 is divided by 1234.
1230
Calculate the remainder when 600701 is divided by 324.
5
Calculate the remainder when 340438 is divided by 323.
319
Calculate the remainder when 10049 is divided by 27.
5
What is the remainder when 47721 is divided by 342?
183
Calculate the remainder when 149693 is divided by 88.
5
What is the remainder when 69137 is divided by 2472?
2393
Calculate the remainder when 2164 is divided by 565.
469
Calculate the remainder when 83643 is divided by 49.
0
Calculate the remainder when 9354 is divided by 187.
4
Calculate the remainder when 41624 is divided by 344.
0
What is the remainder when 234